7
Calculate the highest common divisor of 15 and 31665.
15
What is the highest common divisor of 14 and 574?
14
Calculate the greatest common factor of 58 and 2407.
29
Calculate the highest common factor of 16 and 44.
4
Calculate the highest common factor of 147 and 196.
49
What is the highest common factor of 44 and 11?
11
Calculate the highest common divisor of 8 and 3544.
8
What is the greatest common divisor of 2088 and 152?
8
Calculate the greatest common factor of 15021 and 36.
9
What is the highest common factor of 1904 and 14?
14
What is the highest common divisor of 16 and 1192?
8
Calculate the highest common divisor of 154 and 112.
14
What is the highest common factor of 34 and 8?
2
What is the greatest common factor of 18 and 618?
6
What is the greatest common factor of 532 and 28?
28
Calculate the highest common divisor of 6741 and 42.
21
Calculate the highest common factor of 81 and 43011.
81
What is the highest common divisor of 27 and 432?
27
What is the highest common factor of 216 and 96?
24
Calculate the highest common factor of 42 and 3759.
21
What is the greatest common divisor of 10 and 134?
2
What is the greatest common divisor of 14 and 4704?
14
What is the greatest common divisor of 231 and 357?
21
What is the highest common factor of 85 and 15?
5
Calculate the greatest common divisor of 22 and 1045.
11
Calculate the greatest common divisor of 1512 and 56.
56
Calculate the greatest common divisor of 17879 and 19.
19
What is the highest common factor of 280 and 448?
56
What is the highest common divisor of 120 and 1536?
24
Calculate the highest common factor of 1387 and 152.
19
What is the greatest common divisor of 7505 and 95?
95
Calculate the greatest common divisor of 9 and 1509.
3
What is the greatest common factor of 34380 and 90?
90
What is the highest common factor of 219 and 73?
73
Calculate the greatest common factor of 40509 and 126.
63
What is the highest common factor of 109 and 9701?
109
Calculate the greatest common factor of 12 and 21.
3
What is the highest common divisor of 32 and 128?
32
Calculate the greatest common factor of 98 and 2989.
49
Calculate the highest common divisor of 35 and 20.
5
Calculate the highest common divisor of 96 and 162.
6
What is the highest common divisor of 50 and 25150?
50
Calculate the highest common divisor of 148 and 4329.
37
What is the highest common divisor of 72 and 40?
8
Calculate the highest common divisor of 252 and 90.
18
What is the highest common factor of 5088 and 9858?
318
What is the highest common factor of 387 and 24897?
129
What is the greatest common factor of 1562 and 71?
71
What is the highest common divisor of 170 and 125?
5
Calculate the greatest common factor of 43860 and 306.
102
What is the highest common factor of 36 and 1476?
36
What is the highest common factor of 1568 and 288?
32
Calculate the greatest common factor of 13 and 1027.
13
What is the greatest common factor of 136 and 323?
17
What is the greatest common divisor of 52 and 533?
13
What is the highest common factor of 864 and 81?
27
What is the highest common divisor of 150 and 20?
10
What is the highest common factor of 344 and 301?
43
Calculate the highest common factor of 364 and 208.
52
What is the highest common divisor of 39 and 26?
13
Calculate the greatest common factor of 7141 and 193.
193
Calculate the highest common factor of 200 and 725.
25
Calculate the highest common divisor of 12 and 930.
6
Calculate the greatest common divisor of 124 and 68.
4
What is the highest common factor of 2968 and 56?
56
Calculate the greatest common divisor of 32 and 24.
8
Calculate the greatest common factor of 691 and 1.
1
What is the greatest common factor of 13 and 19357?
13
Calculate the highest common divisor of 224 and 328.
8
Calculate the highest common divisor of 144 and 9.
9
Calculate the greatest common divisor of 1460 and 100.
20
Calculate the highest common factor of 3674 and 22.
22
What is the greatest common factor of 749 and 21?
7
Calculate the greatest common divisor of 12 and 456.
12
Calculate the highest common divisor of 198 and 279.
9
Calculate the greatest common divisor of 558 and 18.
18
Calculate the highest common factor of 96 and 12.
12
What is the highest common factor of 336 and 192?
48
Calculate the highest common divisor of 1440 and 90.
90
Calculate the highest common factor of 81 and 12.
3
Calculate the highest common divisor of 296 and 1110.
74
Calculate the greatest common factor of 1965 and 15.
15
Calculate the greatest common factor of 182 and 154.
14
What is the highest common divisor of 30 and 45?
15
Calculate the highest common factor of 432 and 48.
48
Calculate the greatest common divisor of 2 and 106.
2
Calculate the highest common factor of 481 and 39.
13
What is the greatest common factor of 1170 and 2610?
90
What is the greatest common factor of 130 and 2938?
26
What is the highest common factor of 612 and 68?
68
Calculate the highest common divisor of 323 and 247.
19
Calculate the greatest common factor of 64 and 2048.
64
Calculate the greatest common divisor of 18 and 1251.
9
Calculate the greatest common factor of 39 and 26.
13
Calculate the highest common factor of 29 and 87.
29
Calculate the highest common divisor of 476 and 140.
28
Calculate the greatest common divisor of 94 and 11750.
94
Calculate the greatest common factor of 298 and 2.
2
Calculate the greatest common divisor of 1152 and 416.
32
What is the highest common factor of 204 and 1564?
68
What is the highest common factor of 14 and 1246?
14
Calculate the highest common divisor of 4431 and 168.
21
What is the highest common divisor of 124 and 6076?
124
Calculate the greatest common divisor of 33 and 891.
33
What is the highest common factor of 84 and 1740?
12
What is the highest common factor of 250 and 150?
50
What is the highest common factor of 80 and 316?
4
What is the greatest common factor of 80 and 185?
5
What is the greatest common divisor of 31179 and 114?
57
Calculate the highest common divisor of 364 and 308.
28
What is the highest common factor of 1136 and 32?
16
Calculate the highest common factor of 320 and 32.
32
Calculate the highest common factor of 197 and 197.
197
What is the greatest common divisor of 9 and 26?
1
What is the highest common divisor of 742 and 14?
14
What is the greatest common factor of 1 and 101?
1
Calculate the highest common factor of 17908 and 148.
148
What is the highest common divisor of 36 and 1395?
9
Calculate the highest common factor of 2369 and 23.
23
What is the highest common factor of 48 and 120?
24
What is the highest common factor of 72 and 144?
72
Calculate the highest common factor of 165 and 35.
5
Calculate the greatest common factor of 13 and 4537.
13
Calculate the highest common divisor of 5 and 25.
5
What is the highest common divisor of 544 and 1264?
16
Calculate the highest common factor of 63 and 153.
9
Calculate the greatest common divisor of 52 and 1053.
13
Calculate the greatest common divisor of 559 and 86.
43
Calculate the highest common factor of 28 and 350.
14
Calculate the greatest common factor of 7360 and 575.
115
What is the highest common divisor of 2261 and 68?
17
What is the greatest common factor of 4 and 1324?
4
Calculate the greatest common factor of 25474 and 94.
94
What is the greatest common factor of 1273 and 95?
19
Calculate the greatest common factor of 30 and 30.
30
What is the highest common divisor of 2070 and 782?
46
What is the greatest common factor of 96 and 2124?
12
Calculate the highest common factor of 28134 and 54.
54
What is the greatest common divisor of 58 and 5452?
58
Calculate the greatest common factor of 12 and 8.
4
Calculate the greatest common factor of 600 and 840.
120
What is the highest common factor of 1182 and 114?
6
What is the highest common divisor of 28 and 244?
4
Calculate the greatest common factor of 154 and 1925.
77
Calculate the greatest common factor of 17699 and 22.
11
What is the greatest common divisor of 13 and 1144?
13
What is the greatest common divisor of 84 and 308?
28
Calculate the highest common divisor of 1120 and 96.
32
Calculate the greatest common factor of 104 and 32.
8
Calculate the highest common factor of 2090 and 40.
10
Calculate the highest com